. Calculate the highest common divisor of k and g.
7
Suppose 66 = 3*y + 2*r, -2*y - r + 2*r + 51 = 0. Let u be 70 + ((-12)/3)/(-2). Suppose -y*f + 21*f + u = 0. What is the highest common divisor of f and 12?
12
Let j = 11 + -3. Suppose 0 = -61*u + 84*u - 184. What is the highest common divisor of u and j?
8
Let r(j) = j + 15. Let h be r(-7). Suppose -7*n = -5*n - h. Suppose -35 = -2*g + s - n*s, 10 = g + 4*s. What is the greatest common factor of g and 55?
11
Let i(k) = 2*k**3 - 6*k**2 - 5*k + 3. Let v = -5 + 4. Let f be v*(-7 + 2 + 0). Let h be i(f). Calculate the greatest common factor of h and 13.
13
Let t(o) = -7*o - 16. Let k be t(-6). What is the highest common divisor of k and 208?
26
Let k(r) = 57*r + 4. Let g be k(0). What is the greatest common factor of 484 and g?
4
Let f be 33/(-2)*110/(-5). Let n(t) = 4*t**2 - 19*t - 60. Let w be n(-3). Calculate the highest common factor of w and f.
33
Suppose -210 = 9707*m - 9717*m. Calculate the greatest common factor of m and 14.
7
Let d = 901 + -890. Let j = -52 - -74. Calculate the greatest common factor of d and j.
11
Suppose 0 = 4*b - 4*o, -5*b - 15*o = -11*o + 36. Let c be (-2)/2*(b - -2). What is the highest common factor of c and 62?
2
Suppose -g + 5*g + 10 = -j, 3*g = -3. Let u be (j/7)/3 - 2322/(-189). What is the highest common divisor of 8 and u?
4
Suppose -3*t + 445 = 4*u, -3*t + 9 = -0. Suppose 5*v + 244 = 4*i - 2*i, i = -4*v + u. Let n be 117/6*1*2. Calculate the highest common divisor of n and i.
39
Let i be (-2 - -1)*135*(-12)/18. Let y = i + -85. Suppose -n = -5*a - 10 - 15, 2*n = -a + 6. What is the greatest common divisor of y and n?
5
Let d be (-1 - 0)*(-14 + 7). Suppose -d - 14 = -r. Suppose -5*s + 35 = -0*s. Calculate the greatest common divisor of s and r.
7
Suppose 2*d = -0*d - 6, 2*q + 4*d - 36 = 0. Suppose x - 3*x + q = 0. What is the highest common factor of 6 and x?
6
Let n = 492 + -168. Suppose q + n = 5*q. Calculate the greatest common divisor of 9 and q.
9
Suppose -3*o + 88 = o. Let u(h) = 3*h**2 + 42*h + 220. Let j be u(-11). What is the greatest common divisor of o and j?
11
Suppose 12*x + 765 = 21*x. What is the greatest common divisor of 272 and x?
17
Suppose 0*y + y = 4. Let b be y/(-1)*74/(-8). Suppose 4*v = -b + 157. What is the greatest common factor of 45 and v?
15
Suppose 84*n - 1541 = 1819. What is the greatest common divisor of 45 and n?
5
Suppose -3*c = -2*q + 15, -2*q - 3*c + 1 - 4 = 0. Suppose q*h = 2*h + 11. Calculate the greatest common factor of h and 99.
11
Suppose 0 = 5*j + 4*b - 17, 2*j - 6*j - 5*b + 10 = 0. Suppose j*a = 2*n + 15 + 6, n = -4*a + 22. Calculate the highest common divisor of n and 18.
2
Let q be (-20)/6*(-918)/45. Calculate the highest common factor of q and 34.
34
Let f(m) = 26*m**2 - 23*m + 73. Let r be f(3). Calculate the highest common factor of r and 14.
14
Suppose 0 = -2*m + 5*z - 1 + 34, 5*m = 4*z + 57. Suppose a - 4*a + m = 0. What is the highest common factor of 12 and a?
3
Suppose 0 = -9*h + 352 + 80. Calculate the highest common factor of 132 and h.
12
Suppose 121*o - 123*o = -912. Calculate the greatest common factor of 96 and o.
24
Let z(w) = 4*w - 38. Let p be z(15). What is the highest common divisor of p and 1?
1
Suppose -105*x + 15 = -102*x. Suppose -x*k - 3*z = -351, 4*k - 282 = -0*k - 3*z. What is the highest common divisor of k and 3?
3
Let n = -1 + 11. Suppose -3*i + 5 + n = 0. Suppose 0 = 3*p + i*z - 278, 4*p + z - 380 = -z. What is the highest common factor of 12 and p?
12
Suppose -a = -3*a + 2*u + 22, 3*u = -5*a + 95. Let g(k) = -k**3 + 2*k**2 - 3*k + 4. Let j be g(-4). Calculate the highest common divisor of j and a.
16
Let i be 18/30 - 2154/(-10). Suppose 101 = 4*u - 15*y + 14*y, 0 = 5*u + 3*y - 105. What is the greatest common divisor of u and i?
24
Let t be 80/(-60)*(-3)/(-2). Let q be -3 + t/(5/(1740/(-8))). Calculate the highest common divisor of 12 and q.
12
Let u = 1101 - 991. Let n be (4*-1)/((-2)/22). Calculate the highest common factor of u and n.
22
Suppose 0 = 4*z - 6*z. Let k(m) = z - m**3 + 0 + 1. Let y be k(0). Calculate the highest common factor of y and 9.
1
Suppose -19200 = 6*b - 18*b. Calculate the highest common divisor of 100 and b.
100
Let y be (20/(-90))/(1/(-9)). Suppose y*o - 16 = -2*o. Suppose -4*d = -o*i + 2*i + 560, -1075 = -4*i - d. Calculate the greatest common divisor of 30 and i.
30
Suppose 2*o - 3*u = 1046, -1678 = -3*o - u - 120. Calculate the highest common factor of 40 and o.
40
Let d(r) = -r**2 + 5*r - 7. Let v be d(-7). Let j = -81 - v. What is the greatest common divisor of 50 and j?
10
Suppose 4*r - 5*x - 46 = 0, -2*x + 5*x = 2*r - 22. What is the highest common divisor of r and 14?
14
Let y = -33 + 58. Let h(c) = -c**2 + 6*c - 4. Let d be ((18/48)/(-1))/(2/(-16)). Let l be h(d). Calculate the greatest common divisor of l and y.
5
Let n = -96 - -228. Let c = 3412 - 3379. Calculate the highest common factor of c and n.
33
Let u = 2 + 23. Let o = -34 - -12. Let r be 4/o + 114/22. Calculate the greatest common factor of u and r.
5
Let t be ((-4)/3)/(2/(-12)). Let o be (-10 + 6)*27/(-2). Suppose -v - 5*s = -o, 0 = -4*s + 24 - t. Calculate the highest common factor of 85 and v.
17
Let v(o) = -o - 12. Let u be v(5). Let r = u - -21. Calculate the highest common factor of r and 28.
4
Let d be (-4)/(-42) - 0 - 2323426/(-9849). What is the highest common divisor of 649 and d?
59
Suppose 4397 - 8557 = -8*o. What is the highest common divisor of 40 and o?
40
Let h be 370/(-10)*-2 + 7. What is the highest common divisor of h and 621?
27
Suppose 5 = r - 4*t, 8*r + 60 = 10*r + 2*t. What is the greatest common factor of 200 and r?
25
Let c be (5 - 273/14)*-10. Calculate the greatest common divisor of c and 5.
5
Let j be ((-1309)/22)/((-1)/2). Suppose -5*s + 12*s = j. Calculate the highest common factor of 34 and s.
17
Let i be 1069/7 - 2/(-7). Calculate the greatest common divisor of 408 and i.
51
Suppose b - 2 = 12. Let r(o) be the third derivative of o**5/60 + o**4/12 - o**3/6 - 8*o**2. Let v be r(3). Calculate the greatest common divisor of b and v.
14
Let w = 2092 + -1421. What is the highest common factor of w and 61?
61
Let d = 28 + -15. Let c(f) = f + 22. Let a be c(-21). Let r be (-1080)/(-28) - (a - (-20)/(-14)). Calculate the greatest common factor of r and d.
13
Let v be (42/(-3))/((-14)/21). Suppose d + v = 34. Calculate the highest common divisor of 13 and d.
13
Suppose -21*q + 230 = -652. Let b(a) = -a**3 + 6*a**2 + 3. Let r be b(5). What is the greatest common divisor of q and r?
14
Suppose z - 4*m - 11 = 0, -z - m - 7 = -33. Let d = 38 - z. Let b = d + 95. What is the greatest common factor of b and 44?
22
Let m be (-5)/(20/(-716)) - -5. What is the highest common divisor of 23 and m?
23
Suppose -3*l - 5*w = -34, 2*w = 6*w - 8. Let j(m) = 11*m**2 - 7*m**2 + 6*m**2. Let r be j(2). What is the greatest common divisor of l and r?
8
Let b be 25/5*(-520)/25. Let c = 120 + b. What is the greatest common divisor of c and 4?
4
Let r(a) = a**3 - 2*a**2 + 10*a - 11. Let i be r(6). Suppose 191*h - i*h + 32 = 0. Calculate the highest common factor of h and 240.
16
Suppose 0 = -13*g + 8*g + 90. What is the highest common factor of g and 2?
2
Let q be ((-4)/6)/((-8)/60). Suppose -2*h - 23 = -q*p + 23, 4*h + 4*p = -36. Let r be (3/4)/(h/(-156)). What is the greatest common divisor of 81 and r?
9
Let v(q) = -5*q. Let n be v(-3). Let x be -8 + (4 + 104/(-24))*-33. Calculate the greatest common divisor of x and n.
3
Let h be 1/3 + (-35)/(-3). Let p = -53 + 197. What is the highest common divisor of p and h?
12
Let b = 135 - 90. Let v be ((3024/b)/(-6))/(2/(-10)). What is the greatest common divisor of v and 8?
8
Let d be (-15)/20 - 3/(-4). Let q = 40 + d. Let y be 1*2/(-14) + (-213)/(-21). What is the greatest common divisor of y and q?
10
Let z = -1 - -9. Suppose 5*c + 165 = z*c. What is the highest common factor of c and 11?
11
Suppose 0 = 3*i - 3*l - 117, 30*l = i + 26*l - 42. What is the highest common factor of 190 and i?
38
Suppose 10*v = 8*v - 5*o + 653, -3*v + 4*o + 968 = 0. What is the highest common divisor of 72 and v?
36
Suppose 0 = 5*x - 4*x - 385. Suppose 0 = -7*z + 1225 - x. Calculate the highest common factor of z and 30.
30
Suppose -2*i + 198 = i. Let o be 3